er when 1*n/2*4 is divided by 16?
14
Suppose 0 = -4*l - m + 227, -5*m = -4*l - 3*m + 230. What is the remainder when 169 is divided by l?
55
Suppose -10 = -4*s + 2. What is the remainder when ((-10)/6)/(1/(-3)) is divided by 2*(s - (-1 - -3))?
1
Let n(a) = -2*a + 4. Let s = -86 + 115. What is the remainder when s is divided by n(-6)?
13
Suppose -12 = -9*m + 7*m. Calculate the remainder when m is divided by 4.
2
Let t = -55 + 87. Calculate the remainder when 126 is divided by t.
30
Suppose -6*i + 243 = -225. Calculate the remainder when i is divided by 27.
24
Let l(v) = v**3 + 19. Suppose 0 = 2*a - 5*a. Suppose a = -4*d - i + 1, 3*d + 3*i = -2*d + 3. Calculate the remainder when l(d) is divided by 10.
9
What is the remainder when 15 is divided by (-3)/((-9)/12)*1?
3
Let v(n) = n**3 + 7*n**2 + 3. Let l be v(-7). Suppose -6*i = -l*i - 30. Let p(g) = 13*g + 2. What is the remainder when p(2) is divided by i?
8
Suppose 2*w + 50 - 156 = -2*o, -5*o - 127 = -3*w. What is the remainder when w is divided by ((-1)/1)/(((-8)/26)/4)?
10
Suppose -4*n = -2*u - 6, 0 = 3*u - 2*u - 5*n. Let c(x) = -x**2 - 7*x + 7. Calculate the remainder when c(u) is divided by 9.
8
Suppose -5*s = -5*j - 35, -7*s + 8 = -5*s + j. What is the remainder when s is divided by 3?
2
Suppose 0 = -3*l + 2 + 7, -4*l = 5*x - 37. What is the remainder when (145/15)/((-1)/(-3)) is divided by -4 + x + 10 + -1?
9
Let g(a) = 4*a - 2. Suppose 3*y - 5*q = -11, 9 = 5*q - 11. Let u be g(y). Suppose -d = -0*d - u. Calculate the remainder when 17 is divided by d.
7
Let l(j) = j + j**2 + 2*j**2 - 1 + 2*j. Calculate the remainder when l(3) is divided by 12.
11
Let t = 16 - 4. Calculate the remainder when t is divided by 3.
0
Suppose -30 = 4*z + 6. Let c = z + 31. Calculate the remainder when c is divided by 1/3 - (-46)/6.
6
Let k(f) = 16*f - 5*f**3 + 3 + 0*f**3 + 9*f**2 + 4*f**3 - 17. What is the remainder when k(10) is divided by 16?
14
Let c = -2 - -7. Let s = 3 - -2. Suppose -v + s*v = -l + 29, -4*v - 49 = -c*l. Calculate the remainder when 38 is divided by l.
12
Suppose -2 = v + v. What is the remainder when 17/5 - 4/10 is divided by v*(2 - 6) + -2?
1
Suppose 3*y + 3*w - 171 = -y, 3*y + 2*w = 128. What is the remainder when 123 is divided by y?
39
Suppose 5*g - 14 = 16. Let j = 9 - g. Suppose 6 = 4*i - j*i. Calculate the remainder when 16 is divided by i.
4
Suppose -5*g = -0*g - 1660. Suppose 0 = -5*b + g - 67. Calculate the remainder when b is divided by 27.
26
Let s be (8/6)/((-8)/(-24)). Suppose 3*f + r = -2*r + 3, -s*r = 2*f - 8. What is the remainder when (-385)/14*(0 + f) is divided by 19?
17
Suppose -4*o + 5 = 5*c, -5*o + c + 28 = -0*o. Let f(r) = r**2 - 6*r - 4. Let y = -18 - -25. Calculate the remainder when o is divided by f(y).
2
Let h(v) = -32*v**3 + v**2 + 2*v + 1. Let f = 74 + -63. Calculate the remainder when h(-1) is divided by f.
10
Suppose -h - h = 104. Let d = -35 - h. Calculate the remainder when 49 is divided by d.
15
Let p = 17 - 12. Let x(o) = o**2 + 3*o + 4. Calculate the remainder when x(-5) is divided by p.
4
Let f(q) be the first derivative of q**2 - 8*q - 3. Let i = 5 - 3. Calculate the remainder when f(6) is divided by i.
0
Let b(v) = -v**3 - 9*v**2 - 9*v + 2. What is the remainder when 49 is divided by b(-8)?
9
Calculate the remainder when 16 is divided by ((-14)/10 + 2)*10.
4
Suppose 103 = 5*f + r, f + 2*r = -0*r + 26. Let k(l) = -8*l - 26. Calculate the remainder when k(-8) is divided by f.
18
Let q(y) be the first derivative of -y**3/3 + y**2/2 + 3*y - 3. What is the remainder when 4/(-6) + 34/6 is divided by q(0)?
2
Let q = 114 - 97. What is the remainder when 49 is divided by q?
15
Suppose 5*f - 1 = -16, -4*l - 4*f + 80 = 0. What is the remainder when l is divided by 6?
5
Suppose 3*i + 25 = 2*g, -3*g = g - 4*i - 56. Calculate the remainder when 32 is divided by g.
15
Let j(y) = y + 2. Let s(f) = -f**2 - 3*f. Let t be s(-3). Let q be j(t). Calculate the remainder when -1 + (18/q - -2) is divided by 4.
2
Suppose -3*j + 48 = 2*t - 5*t, 3*j + 5*t = 24. What is the remainder when j is divided by 4?
1
Suppose 3*y = -0*y - 6. Let t = -1 + y. Let k = t + 11. Calculate the remainder when k is divided by 5.
3
Let s(y) = y**3 + 12*y**2 + 6. What is the remainder when 22 is divided by s(-12)?
4
Let w(t) = -10*t + 1. Calculate the remainder when 43 is divided by w(-1).
10
Let y(k) = k**3 + 10*k**2 - 8*k + 12. Let o be y(-11). Calculate the remainder when 21 is divided by 12/7*o/(-6).
3
Suppose 0 = 2*l + 1 - 5. Calculate the remainder when l is divided by 2.
0
Let c(q) = q**2 - 9*q + 9. Let p = -25 - -35. What is the remainder when 73 is divided by c(p)?
16
Let u(s) = -1 + 2 - 6*s**2 - 3*s + 0*s - s**3. Suppose 4*v - 2*v = h - 9, 0 = -4*h + 5*v + 33. Calculate the remainder when u(-6) is divided by h.
5
Let o = 65 - 54. Calculate the remainder when 31 is divided by o.
9
Let k(t) = -t**3 - 5*t**2 - 2*t - 5. Suppose -5*r - 31 + 6 = 0. Let n be k(r). Calculate the remainder when 20 is divided by -7*1/n*-5.
6
Let h(z) = -z**3 - 4*z**2 - 2*z - 3. Suppose 0*w + 16 = -4*w. Calculate the remainder when 19 is divided by h(w).
4
Suppose -105 = -v - 4*v. Calculate the remainder when v is divided by 7.
0
Suppose 0 = 41*n - 37*n - 48. Calculate the remainder when n is divided by 7.
5
Suppose -3*v + 3*a + 173 + 253 = 0, 25 = 5*a. What is the remainder when (-1)/(0 + (-3)/v) is divided by 13?
10
Suppose 0 = -3*n - 5*w + 46, -3*n + 53 = -2*w - 0*w. What is the remainder when 32 is divided by n?
15
Let u = -10 - -14. Calculate the remainder when (-786)/(-33) + u/22 is divided by 13.
11
Let n = 25 + 2. What is the remainder when n is divided by 7?
6
Let q(y) = -y**2 - 10*y - 7. Let d be 0 - 4/(12/63). Let v be 120/d - 4/14. Calculate the remainder when 32 is divided by q(v).
15
Let b(s) = -15*s + 3. Calculate the remainder when b(-6) is divided by 12.
9
Suppose 4*z + 220 = 2*d, 3*z + 2*z - 2*d = -276. What is the remainder when 39 is divided by (z/(-10))/(8/20)?
11
Suppose -2*s + 64 = -6*z + z, 5*s = -2*z + 189. Calculate the remainder when s is divided by 13.
11
Let a(q) = -15*q - 60. Suppose 3*d = -4*k + 97, 2*k = 6*d - d + 81. What is the remainder when k is divided by a(-5)?
13
Let a = 86 + -76. Suppose -w + 23 + 6 = 0. What is the remainder when w is divided by a?
9
Let i(v) be the first derivative of 1/3*v**3 + 2 + 2*v - 1/2*v**2. Calculate the remainder when 23 is divided by i(-2).
7
Let n be (-2)/(-1 + 5/7). Suppose 3*q + 28 = n*q. What is the remainder when 18 is divided by q?
4
Let t = -21 - -23. Suppose 3*j = t*j - 4, 2*j = 5*p - 18. Calculate the remainder when 3 is divided by p.
1
Let y = -12 - -30. Let d(i) = 50*i**2 + 6*i - 5. What is the remainder when d(1) is divided by y?
15
Let z = 192 + -175. Suppose 3*u - 214 = 32. Calculate the remainder when u is divided by z.
14
Let y = -3 + 4. Let j be 9/21 + 48/(-14). What is the remainder when (-1)/j*0 - -3 is divided by y?
0
Let l = -8 - -5. Let z = 13 + -3. What is the remainder when (-3 + l + -23)*-1 is divided by z?
9
Let u be (-4 + 2)/2 - -3. Suppose 5*b - 27 = u*b. Calculate the remainder when 25 is divided by b.
7
Let i(m) = 2*m**2 + 5*m + 3. Let q(a) = -a**3 - 3*a**2 - 3*a - 2. Let c be q(-2). Suppose c = 6*o - 3*o - 177. What is the remainder when o is divided by i(-4)?
14
Suppose -4*s + 26 = -50. Calculate the remainder when s is divided by 7.
5
Let b = -270 + 381. Let s = 219 - b. What is the remainder when 34 is divided by (4/6)/(8/s)?
7
Calculate the remainder when (1 - 5)/((-5 + 3)/20) is divided by 10.
0
Let j(n) = 5*n - 11. What is the remainder when 52 is divided by j(4)?
7
Let p = 218 - 140. What is the remainder when p is divided by 40?
38
Let f(v) = -v**2 + 9*v - 7. Calculate the remainder when 64 is divided by f(6).
9
Suppose j - 58 - 73 = -3*o, 3*o = -3*j + 141. Calculate the remainder when o is divided by 9.
6
Let q(y) = y**2 - 9*y + 4. Let r be q(10). Let u = 22 - r. What is the remainder when 22 is divided by u?
6
Let g(p) = -p + 32. Calculate the remainder when g(-9) is divided by 14.
13
Let s(f) = 5*f + f**3 + 0*f**2 + 4 + 0 + 2 + 8*f**2. What is the remainder when s(-7) is divided by 7?
6
Suppose 5*a + 52 = 4*l, 4*a = 5*l - a - 70. Suppose 3*h + 0 = l. What is the remainder when 10 is divided by h?
4
L